greatest common divisor of 272 and 51?
17
What is the highest common divisor of 923 and 39?
13
Calculate the greatest common divisor of 110 and 66.
22
What is the greatest common factor of 6854 and 23?
23
Calculate the highest common divisor of 3270 and 30.
30
What is the greatest common divisor of 1992 and 83?
83
What is the greatest common divisor of 4520 and 40?
40
Calculate the greatest common factor of 53 and 3233.
53
Calculate the highest common factor of 105 and 4480.
35
Calculate the greatest common factor of 14 and 945.
7
Calculate the greatest common factor of 129 and 1161.
129
Calculate the greatest common divisor of 200 and 275.
25
What is the greatest common factor of 6893 and 61?
61
Calculate the greatest common factor of 1100 and 125.
25
Calculate the greatest common factor of 120 and 940.
20
Calculate the greatest common factor of 48 and 464.
16
What is the highest common factor of 5456 and 372?
124
What is the greatest common divisor of 176 and 17996?
44
Calculate the greatest common divisor of 35 and 84.
7
Calculate the greatest common divisor of 9 and 57.
3
Calculate the greatest common factor of 6670 and 725.
145
Calculate the greatest common divisor of 24 and 66.
6
What is the highest common divisor of 22065 and 30?
15
Calculate the highest common divisor of 4172 and 28.
28
What is the greatest common factor of 55 and 77?
11
Calculate the highest common divisor of 19 and 27721.
19
Calculate the greatest common divisor of 171 and 3477.
57
What is the greatest common divisor of 343 and 7?
7
What is the highest common divisor of 24 and 84?
12
Calculate the highest common factor of 1273 and 67.
67
Calculate the greatest common divisor of 165 and 13365.
165
Calculate the greatest common factor of 115 and 30.
5
What is the highest common factor of 35 and 10?
5
What is the greatest common divisor of 18 and 225?
9
Calculate the highest common divisor of 59 and 5782.
59
What is the greatest common divisor of 720 and 7110?
90
What is the greatest common factor of 67081 and 259?
259
Calculate the highest common factor of 370 and 11285.
185
What is the highest common factor of 15 and 40?
5
What is the highest common factor of 27 and 729?
27
Calculate the greatest common factor of 95 and 760.
95
Calculate the greatest common divisor of 962 and 333.
37
What is the greatest common divisor of 264 and 40722?
66
Calculate the greatest common divisor of 19 and 323.
19
What is the highest common divisor of 168 and 24?
24
What is the greatest common factor of 216 and 408?
24
What is the greatest common divisor of 3450 and 450?
150
Calculate the highest common divisor of 28 and 1.
1
What is the greatest common divisor of 10808 and 16?
8
Calculate the highest common factor of 183 and 3.
3
Calculate the greatest common divisor of 455 and 10.
5
Calculate the highest common divisor of 45 and 1215.
45
What is the greatest common divisor of 16920 and 80?
40
Calculate the greatest common divisor of 2431 and 154.
11
Calculate the highest common divisor of 63 and 1029.
21
What is the greatest common divisor of 702 and 486?
54
Calculate the highest common factor of 1260 and 56.
28
What is the highest common factor of 2646 and 49?
49
Calculate the greatest common factor of 187 and 4675.
187
What is the greatest common divisor of 2820 and 228?
12
What is the greatest common factor of 60 and 80?
20
Calculate the greatest common divisor of 14 and 329.
7
Calculate the greatest common factor of 348 and 816.
12
Calculate the greatest common divisor of 45 and 423.
9
Calculate the greatest common factor of 348 and 36.
12
Calculate the greatest common factor of 9877 and 17.
17
What is the highest common divisor of 147 and 98?
49
Calculate the greatest common factor of 4332 and 1596.
228
What is the greatest common factor of 119 and 259?
7
Calculate the highest common factor of 24 and 384.
24
What is the greatest common divisor of 13 and 2587?
13
Calculate the greatest common factor of 2584 and 760.
152
Calculate the greatest common factor of 18383 and 62.
31
What is the highest common factor of 141 and 48128?
47
Calculate the greatest common divisor of 1920 and 1350.
30
Calculate the greatest common factor of 21 and 791.
7
Calculate the greatest common divisor of 610 and 70.
10
What is the greatest common divisor of 91 and 52?
13
Calculate the highest common factor of 480 and 576.
96
What is the greatest common divisor of 2726 and 58?
58
Calculate the greatest common divisor of 5434 and 133.
19
What is the greatest common factor of 5518 and 356?
178
What is the highest common factor of 11 and 517?
11
What is the highest common factor of 18156 and 34?
34
Calculate the highest common divisor of 1090 and 30.
10
What is the highest common divisor of 728 and 280?
56
Calculate the greatest common divisor of 8303 and 190.
19
Calculate the greatest common divisor of 4767 and 7.
7
Calculate the highest common divisor of 207 and 1173.
69
What is the greatest common divisor of 12210 and 60?
30
Calculate the highest common divisor of 483 and 21.
21
Calculate the highest common divisor of 49 and 273.
7
What is the greatest common divisor of 12 and 51?
3
What is the greatest common factor of 784 and 882?
98
Calculate the greatest common factor of 11 and 35904.
11
Calculate the greatest common factor of 9 and 41.
1
Calculate the highest common divisor of 6 and 7860.
6
Calculate the highest common factor of 1482 and 156.
78
What is the highest common factor of 602 and 28?
14
Calculate the greatest common factor of 222 and 1.
1
What is the greatest common factor of 190 and 10?
10
What is the greatest common factor of 636 and 24?
12
What is the greatest common divisor of 55 and 440?
55
Calculate the greatest common divisor of 1611 and 18.
9
Calculate the greatest common divisor of 8460 and 9.
9
What is the greatest common divisor of 2354 and 1078?
22
Calculate the greatest common factor of 657 and 73.
73
Calculate the highest common divisor of 2850 and 1330.
190
What is the greatest common factor of 1804 and 44?
44
Calculate the highest common divisor of 4 and 170.
2
Calculate the highest common factor of 4982 and 282.
94
What is the greatest common factor of 4935 and 5?
5
Calculate the highest common divisor of 11 and 1903.
11
What is the greatest common factor of 199 and 8159?
199
What is the greatest common divisor of 6270 and 132?
66
Calculate the greatest common factor of 96 and 108.
12
What is the highest common factor of 1347 and 33?
3
Calculate the highest common divisor of 19 and 1710.
19
What is the highest common divisor of 3116 and 114?
38
What is the greatest common divisor of 287 and 41?
41
Calculate the highest common divisor of 87 and 2784.
87
Calculate the greatest common divisor of 64 and 7936.
64
What is the highest common factor of 180 and 315?
45
Calculate the greatest common divisor of 3825 and 375.
75
What is the greatest common divisor of 32 and 1?
1
Calculate the highest common factor of 26 and 1833.
13
Calculate the greatest common factor of 187 and 3791.
17
Calculate the greatest common factor of 22 and 517.
11
Calculate the highest common divisor of 874 and 46.
46
What is the greatest common divisor of 3060 and 1260?
180
What is the highest common divisor of 90 and 642?
6
Calculate the greatest common factor of 1463 and 5225.
209
Calculate the greatest common factor of 328 and 13858.
82
Calculate the highest common divisor of 3 and 59.
1
What is the greatest common divisor of 6 and 118?
2
What is the greatest common divisor of 1802 and 680?
34
What is the highest common divisor of 11521 and 41?
41
What is the greatest common factor of 1326 and 78?
78
Calculate the highest common factor of 2 and 106.
2
Calculate the greatest common factor of 61 and 1769.
61
What is the highest common divisor of 108 and 189?
27
Calculate the greatest common divisor of 8 and 13544.
8
Calculate the greatest common factor of 85 and 2465.
85
Calculate the greatest common factor of 968 and 132.
44
Calculate the greatest common factor of 63 and 153.
9
Calculate the greatest common factor of 5080 and 127.
127
Calculate the highest common divisor of 55 and 187.
11
Calculate the greatest common factor of 803 and 146.
73
What is the highest common factor of 480 and 360?
120
Wha